+ 35 = -3*q, 3*q - 2*f + 7 = -0*f. Let l be z(q). What are the prime factors of l + 4 - (-51)/3?
19
Suppose 16*v + 1397 = u + 18*v, -2*u - 2*v = -2788. List the prime factors of u.
13, 107
Let n = -9 - 8. Let x = n - -36. What are the prime factors of x?
19
Let j = 169 - 19. Let h = -36 + j. List the prime factors of h.
2, 3, 19
Let p(v) = -29*v - 13. List the prime factors of p(-1).
2
Let j(d) = -d + 6. Let g be j(5). Let s(v) = 119*v**2 - 2*v + 2. What are the prime factors of s(g)?
7, 17
Let r = 15 + -9. Suppose 0 = 3*z + 4*d - r - 20, 3*d = -z + 17. Let s = 15 + z. List the prime factors of s.
17
Let h = 238 - -4. What are the prime factors of h?
2, 11
Suppose 3*t - 2*t - 3 = 0, 3*y - 3372 = 2*t. List the prime factors of y.
2, 563
Let m(s) = 17*s + 43. Let t(i) = 8*i + 21. Let k(f) = -6*m(f) + 13*t(f). What are the prime factors of k(15)?
3, 5
Let i be (9/4)/((-1)/(-4)). Suppose -2*g - 6*z + 5*z - 24 = 0, 0 = 2*g + 2*z + 26. Let u = i - g. List the prime factors of u.
2, 5
Let v = 118 - 5. Suppose -3*i + 0*i = -n - v, 0 = -4*n + 4. List the prime factors of i.
2, 19
Suppose a - 16756 = -5*o, 0 = 2*o + 3*a - 843 - 5862. What are the prime factors of o?
3, 1117
Let g = 33 - 16. Let p = -15 + g. List the prime factors of p/(3/((-207)/(-6))).
23
Let h(i) = -i**3 - 7*i**2 + 5*i - 5. Let a be h(-8). Suppose -p = 5*c - a, 2*p + 3*p + 5*c - 15 = 0. What are the prime factors of (p - 2)/((-3)/44)?
2, 11
Let a be -12*(-2)/12*3. Suppose -415 = -11*y + a*y. What are the prime factors of y?
83
Suppose -2*h = p, -2*p - p + 4*h = 0. Suppose -4*l = 5*k - 450, -2*k + 6*k - 4*l - 396 = p. List the prime factors of k.
2, 47
Let c be -3 + 4/(0 - -4). Let v(x) = -116*x + 4. Let z be v(c). Suppose z - 74 = 6*r. What are the prime factors of r?
3
Let x = -64 + 83. Let f = x + 6. What are the prime factors of f?
5
Let d(r) = r**3 - 15*r**2 + 18*r - 19. What are the prime factors of d(16)?
3, 5, 7
Suppose -3*d + 2*f + 10200 = 0, d + 27*f - 31*f - 3390 = 0. List the prime factors of d.
2, 3, 7
Let s be (-2 - -4)*(-15)/(-6). Suppose -461 - 9 = s*y. What are the prime factors of y/(-4) + 7/14?
2, 3
Suppose 4*h - 7752 + 2656 = 0. Suppose 25*x = 18*x + h. List the prime factors of x.
2, 7, 13
Let j = 1605 + -1393. What are the prime factors of j?
2, 53
Let g be 192/16*5/(-4). Let q = g - -25. List the prime factors of q.
2, 5
Let y = -45 + 59. Let k(v) = v**2 - 15*v + 19. What are the prime factors of k(y)?
5
Let c(r) = -12*r - 6. Let v(o) = -o + 4. Suppose 2*d + 7 = 3*d. Let s be v(d). List the prime factors of c(s).
2, 3, 5
Suppose 4*z + i + 178 = 0, 0 = -3*z + 5*i - 80 - 65. What are the prime factors of 12/(-4) - (z - 2)?
2, 11
Suppose 2*n - 2*z + 50 = -36, -4*n - 2*z - 190 = 0. Let h = 72 + n. What are the prime factors of h?
2, 13
Suppose 0 = -8*m + 1847 + 2249. What are the prime factors of m?
2
Let o(v) = v**3 - 8*v**2 - 7*v + 5. Let p = 38 - 29. List the prime factors of o(p).
23
Suppose 2*f + f = 0. Suppose f = -2*l + 3*l - 72. What are the prime factors of l?
2, 3
Suppose -15 = -b - 2*b. Suppose 3*a = 5*p + 128, -b*p + 18 = -4*a + 187. What are the prime factors of a?
41
Let p = -36 - -45. Suppose -5*k + p = -d, -7*k + 3*k - d = -9. Let r = 37 + k. List the prime factors of r.
3, 13
Let g(y) = y**2 - y. Let a be g(1). Suppose q + 2*f + 1 - 8 = a, -4*f = -16. List the prime factors of 2 + 29 - (-3)/q.
2, 7
Let l = -8 - -24. Suppose i + l = 5*m, -14 = -i - 4*m + 6. List the prime factors of 78/i + (-3)/6.
19
Let c be 1/(3/42 - 0). Let q = 3 + c. Suppose -q = -0*y - y - 3*i, -5 = -y + i. What are the prime factors of y?
2
Suppose -22 = -4*s + 10. Let v be 0/(3 - (-4 + s)). Suppose v = 3*x + 3*r - 61 - 71, 0 = -3*x - 4*r + 129. What are the prime factors of x?
47
Let h(j) be the second derivative of j**5/2 + j**4/6 - j**3/2 - 18*j. What are the prime factors of h(2)?
2, 41
Suppose 3*l + 2*h - 23 = 0, 15 = -3*h - 0. Let t = 15 - l. Suppose -4*c = z + 3*z + t, 5*z = 2*c - 26. What are the prime factors of c?
3
Let s = 8469 - 4894. List the prime factors of s.
5, 11, 13
List the prime factors of -4 + (84 - (-3 + 1)).
2, 41
List the prime factors of (1445/15 - 2)*(-6)/(-1).
2, 283
Let m(o) = 3*o + 7. Let f be m(-12). Let c = f - -35. What are the prime factors of c/8 - (-306)/8?
3, 13
Let v = 31 - 21. Suppose 2*l = -v, 5*k + 3*l = 405 + 510. List the prime factors of k.
2, 3, 31
Suppose -k = 5*t, 7*k - 4*k + 4*t = 22. What are the prime factors of k?
2, 5
Let x(m) = -31*m + 125. What are the prime factors of x(-31)?
2, 3, 181
Let k(r) = r**3 - 5*r**2 + 5*r - 9. Let j be k(6). Let b = j - -82. List the prime factors of b.
139
Let h(s) = -5*s + 5. Suppose -5*t + 14 = -6*t. List the prime factors of h(t).
3, 5
Let x(d) be the second derivative of -8*d**3/3 - 17*d**2 + 22*d. List the prime factors of x(-13).
2, 3, 29
Suppose 5*a - 11 = -2*z + 17, 2*a - 28 = -5*z. Suppose z = -5*s + 24. List the prime factors of s.
2
What are the prime factors of 1944/10 + 6*(-6)/90?
2, 97
Let j = 15294 + -10506. List the prime factors of j.
2, 3, 7, 19
Suppose -2*o + 718 = x, 9*o - 1077 = 6*o + 3*x. Let w = 643 - o. List the prime factors of w.
2, 71
Let a(q) = -4*q**2 + 2*q + 1. Suppose -2*p - 2*f = 0, -3*p + 7*p + 5 = f. Let s be a(p). What are the prime factors of s/(((-3)/(-15))/(-1))?
5
Let p(l) = -12*l + 20. Let k be p(-10). Suppose -1491 = -7*n - k. List the prime factors of n.
193
Let n = 15 - 11. Let i(x) = n*x - 3 - 1 + 10. What are the prime factors of i(6)?
2, 3, 5
Let l = 750 + -240. List the prime factors of l.
2, 3, 5, 17
Let o(b) = 2*b**2 + 7*b + 14. Suppose 4*s = -2*s. Suppose n - l + 5 = s, n + 2*l = -3 - 5. What are the prime factors of o(n)?
2, 11
Suppose -2*b = -3*h - 13, 2*b = -0*b + 4*h + 16. Suppose 0 = -b*x - 85 + 221. What are the prime factors of x?
2, 17
Let b = 180 + -105. List the prime factors of b.
3, 5
Let v = -222 + 561. Let i = -175 + v. What are the prime factors of i?
2, 41
Let w(a) = 3*a - 10. Let r be w(4). Suppose 0 = r*b - 27 + 7. List the prime factors of (-1)/((3/b)/(-3)).
2, 5
Let x(r) = 98*r + 12. What are the prime factors of x(3)?
2, 3, 17
Let p(l) = 64*l**2 + 26*l + 4. What are the prime factors of p(3)?
2, 7, 47
Suppose -2*d + 237 = 63. Suppose -i + 34 = -d. What are the prime factors of i?
11
Suppose -6 - 4 = -2*y. Suppose -2*h = -y*h + 303. List the prime factors of h.
101
Let f = 3051 - 1336. List the prime factors of f.
5, 7
Let d(c) = 2*c**2 - 9. Let x be d(7). Let w = x - 126. Let y = w + 62. What are the prime factors of y?
5
Let x(q) = -q**3 + 5*q**2 + 2*q - 5. Let m be x(5). Suppose 3*k + 5*c - 208 = 34, m*k = 5*c + 470. What are the prime factors of k?
89
Let n = -1273 + 2280. What are the prime factors of n?
19, 53
Let c be (-5)/((-10)/12) - (24 - 24). Let g(j) = 6*j**2 + j - 4. What are the prime factors of g(c)?
2, 109
Suppose 0*j - 5*j = 10, 0 = u - 3*j - 34. Suppose 96 = 4*n - u. Suppose -2*f - 9 + n = 0. List the prime factors of f.
11
List the prime factors of (-1)/(-4 + (-9)/(-2)) - -458.
2, 3, 19
Let j(d) = d**2 + d. Let a = -20 - -26. Let y(t) = t + 1. Let v(i) = a*y(i) - j(i). What are the prime factors of v(3)?
2, 3
Let f be 161/(-14)*(-28 - -2). What are the prime factors of (f/(-69))/((-2)/6)?
13
Let a = -2761 - -4738. List the prime factors of a.
3, 659
Suppose 0 = -12*r - 4*r + 3504. List the prime factors of r.
3, 73
Suppose 122421 = 56*p - 42499. What are the prime factors of p?
5, 19, 31
Suppose -17 + 47 = -5*k - 2*u, -3*k = -3*u + 18. Let p(q) = -2*q - 12. Let y be p(k). Let o = 22 + y. List the prime factors of o.
2, 11
Suppose -3*k + 12 = -87. Suppose 0 = -2*x + 7*x - 15. What are the prime factors of 11/k + 17/x?
2, 3
Suppose -420 = -5*y + 1135. What are the prime factors of y?
311
Let u = -12 + 28. What are the prime factors of 5*(u + (1 - -2))?
5, 19
Let f(s) = -5*s. Let j be f(-10). Let x = 28 - 26. Suppose -4*o = -j + x. What are the prime factors of o?
2, 3
Let c be 55/10 - (-2)/(-4). Let h be 1/(-1)*10/c. What are the prime factors of 31 - ((2 - -1) + h)?
2, 3, 5
Let p(r) = -r**2 + r - 4. Let h be p(4). Let s(y) = -10*y**2 + 5*y - 4. Let u be s(2). Let o = h - u. List the prime factors of o.
2, 3
Let d = -40 - -44. Suppose -d*w = -2*l + 124, -4*l - 2*w = -3*w - 262. What are the prime factors o